)*36/(-16). What is the highest common divisor of n and 6?
3
Suppose 0 = 4*l - 6 - 26. Let g = -103 + 104. Let n be (-2 - g) + (24 - (1 - 4)). What is the greatest common divisor of n and l?
8
Let r(o) = o - o**2 + 40 - 27 + 2*o**2 - 5*o - 2*o**2. Let i be r(0). Calculate the highest common factor of i and 26.
13
Let b = 58 + -54. Let o(v) = -v**3 + 0*v**2 + 2 + 8*v**2 + 2*v - 3*v**2 + b*v**2. Let c be o(9). What is the highest common factor of c and 50?
10
Let x(z) = -2*z**3 - 21*z**2 + 23*z + 51. Let w be x(-12). Suppose 2*p + 2*p - 552 = 0. Calculate the highest common divisor of p and w.
69
Suppose -79*r + 89*r = 50. What is the greatest common factor of 155 and r?
5
Let c(j) = -2*j**3 - 8*j**2 + 11*j + 8. Let t = 399 + -406. Let v be c(t). What is the highest common divisor of v and 375?
75
Let k(r) = -4*r**3 + 2. Let m be k(-5). Let q = m + -501. What is the highest common divisor of 2 and q?
1
Let n(g) = -12*g - 7. Let h be n(5). Let l be h/(-4) + (-1)/(-4). Let p be (-1770)/(-13) - 80/520. What is the highest common factor of l and p?
17
Suppose -10869 + 27645 = 30*p - 35394. Calculate the highest common divisor of 333 and p.
37
Let f(s) = 2*s - 1. Let j be f(5). Let h = -125 + 127. Suppose -4*t + 4*c = 5*c - 16, -h*c = 4*t - 20. Calculate the highest common divisor of j and t.
3
Let a = -28132 + 28342. Let d(c) = c**3 + 6*c**2 - 7*c. Let j be d(-6). What is the greatest common factor of j and a?
42
Let a be 74/5 - 20/(-100). Let f(m) = 25*m - 5. Suppose -2*i + 2*d + 20 = 0, i = 6*i + 2*d - 15. Let p be f(i). Calculate the highest common divisor of p and a.
15
Suppose 0 = -71*h + 2727 + 894. What is the greatest common factor of 4947 and h?
51
Let c = -35 - -80. Let n(o) = 2*o**2 - 132*o - 700. Let l be n(-5). Calculate the highest common divisor of c and l.
5
Let i(l) = -792*l - 156. Let z be i(-3). Suppose -38*m + z = -28*m. Calculate the greatest common divisor of 148 and m.
74
Let u = 626 - 622. Suppose u*y + t - 24 = 0, -8 - 4 = -3*t. Let n be ((-1)/(-3))/(2/6). Calculate the highest common factor of y and n.
1
Let l(v) = -9*v - 22. Let x = 63 - 58. Suppose 0 = x*k + 3*k + 40. Let b be l(k). What is the greatest common divisor of 115 and b?
23
Suppose a = 4*o + 21, o - 27 = -2*a - 3. Let d(f) = -f**3 + 19*f**2 + 43*f + 96. Let j be d(21). Calculate the highest common factor of a and j.
13
Let l be 7644/63 + 2/3. Let g = -82 + l. Suppose -14 = -2*p + g. Calculate the highest common divisor of p and 18.
9
Let a(c) be the third derivative of c**5/60 - 8*c**3/3 - 2*c**2. Suppose -8*m = 3*m - 55. Let w be a(m). What is the highest common factor of w and 1?
1
Let j(q) = -13*q**3 + 50*q**2 - 6*q - 1. Let b be j(3). What is the highest common divisor of 19120 and b?
80
Let a = -2001 + 2035. What is the greatest common factor of 3179 and a?
17
Let d be (3/(-2))/((-5)/(-410)). Let t be (-4)/26 + d/(-39). Suppose -2*w + 3*f = 2*f - 63, -3*w + 3*f = -99. What is the highest common divisor of t and w?
3
Let u = -756 + 759. Suppose 0 = -u*n + 16*n - 390. Calculate the highest common factor of n and 315.
15
Let g(i) be the first derivative of -2*i**2 - 18*i - 18. Let d be g(-5). Let r be d/3*(3 + 3). Calculate the highest common divisor of 8 and r.
4
Let l(a) = a**2 - a - 2*a + 5*a. Let t be l(5). Let n = -22026 + 22033. What is the greatest common factor of n and t?
7
Let i = -183 + 819. Suppose -3*h = k - 956, -k + i = 4*h - 2*h. Suppose -5*b - 5*n = -620, n - h = -5*b + 284. Calculate the highest common divisor of 60 and b.
60
Let s be (2/(-4))/(1/(-156) - 0). Let v(a) = -a + 83. Let b be v(31). What is the greatest common divisor of s and b?
26
Let b be (6 + 16*(-2)/6)*543. Calculate the greatest common factor of 8 and b.
2
Suppose 16*o - 11*o = -3*u + 3930, 3*o = 5*u + 2358. Calculate the greatest common divisor of o and 15458.
262
Let x be -28*(-12)/16 - 3. Let r(o) = 3*o - 51. Let p be r(x). Calculate the highest common factor of 27 and p.
3
Let p be ((0 + 3/(-12))*2)/((-8)/304). Calculate the highest common factor of 10792 and p.
19
Suppose o - 15 + 10 = 0. Suppose o*d = -0*d - 5*z + 65, -d + 5*z - 17 = 0. Suppose 5*r + d - 23 = 0. Calculate the highest common divisor of 6 and r.
3
Suppose 18 = 3*l, 4*u - 2*l - 12954 = l. Calculate the highest common divisor of u and 282.
141
Let i(k) = 16*k**2 - 19*k - 33. Let y(m) = -m**3 - m**2 + 3*m. Let u be y(-2). Let t be i(u). What is the highest common factor of 23 and t?
23
Let y(u) = 54*u + 11. Let s be y(4). Suppose 0 = 2*m - 5*m + 2*d + s, -302 = -4*m + 2*d. What is the highest common divisor of 15 and m?
15
Let u(i) = 6*i + 2 - 7 - 468*i**2 + 467*i**2. Let z be u(4). Calculate the greatest common factor of z and 75.
3
Suppose t = -16*x + 13*x + 41, 4*t = -5*x + 66. Suppose -p + 80 = 4*w, 9*p + 285 = x*p - 3*w. Calculate the greatest common divisor of p and 210.
30
Suppose 2*k - 5*c + 15 = 6*k, 70 = 5*k - 4*c. Let j be k/5 + 1 + (-95 - -2). Let n be j/(-27)*(-99)/(-15). What is the highest common divisor of n and 22?
22
Let y be 4/20 + 1596/20 + (-20)/(-2). Calculate the highest common divisor of y and 2718.
18
Let s = -369 - -534. Let v = 10983 - 10763. What is the greatest common factor of s and v?
55
Let b = -62643 + 62646. Let h(z) = -7*z - 7*z - 1 + 3*z. Let c be h(-2). Calculate the highest common factor of b and c.
3
Let q(o) = o**3 + 31*o**2 - 388*o - 55. Let h be q(-40). What is the greatest common divisor of h and 45?
15
Suppose 85*k - 41662 = 32628. Calculate the highest common divisor of k and 1064.
38
Suppose 0*b + 100 = 29*b - 9*b. Let a be (-20)/(-6) - 2/(-3). Suppose 2*c = -a*q + 5*c + 57, 3*c = q - 12. Calculate the greatest common divisor of b and q.
5
Let a be -2*7/14 - 15/(-3). Suppose a*g + 9*q = 4*q + 127, -3*g = 2*q - 90. What is the greatest common divisor of g and 266?
14
Let f be ((-210)/(-50))/(2/(-5))*1136/(-12). What is the highest common factor of f and 42?
14
Let y(t) = 18*t. Let o be y(6). Suppose -222 = -11*d + 237 - 162. What is the greatest common divisor of o and d?
27
Let x(u) = -12*u**2 - 2*u + 7. Let p be x(5). Let i = -151 - p. Let v = 214 - i. What is the greatest common divisor of v and 31?
31
Suppose -50*a = -113*a + 42588. Calculate the highest common divisor of a and 377.
13
Suppose -7*p - 7*p - 4724 = -21482. What is the greatest common divisor of p and 7?
7
Let s = -163 + 210. Suppose s*w - 37*w = 280. Calculate the highest common divisor of 574 and w.
14
Let c(z) = 51*z - 38. Let j be c(12). Suppose -5*q = f - j, -1 = 3*q + 5. Let y be f/36 + (22/(-18) - -1). What is the greatest common divisor of y and 24?
8
Let m = 151 + -148. Suppose 3*w - m*b = 546, -4*w + 920 = w - 3*b. Let i be (3/(-6))/(2/(-44)). Calculate the highest common divisor of i and w.
11
Let s = -397 + 435. Suppose s*t = 4*a + 33*t - 644, 0 = 2*t. Calculate the highest common divisor of 23 and a.
23
Let z(f) = 130*f + 3880. Let i be z(87). Calculate the highest common factor of i and 62.
62
Suppose 5*z = z + 348. Let q = 99 + -111. Let c be (0 + -6)*(140/q + 2). What is the highest common factor of z and c?
29
Let i = 5 - -1. Suppose 64*c + 198 = 6726. Calculate the greatest common divisor of c and i.
6
Let f be (-94140)/(-25) - (-48)/(-80). Calculate the highest common divisor of f and 15.
15
Let g be (-2 + 96 - (-15 + 9))/(2/5). What is the greatest common factor of 1400 and g?
50
Let g = -2857 - -2972. Calculate the greatest common divisor of 621 and g.
23
Suppose y + 7 = 0, -2*j - 1296 = 4*y - 4830. What is the greatest common factor of 685 and j?
137
Let j = -12670 - -12698. What is the greatest common divisor of j and 175?
7
Suppose 0 = -r + 4*u - 12 - 6, 2*u = r + 8. Suppose r*f = -3*m + 302, -2*m = 2*m + f - 401. What is the highest common divisor of 60 and m?
20
Suppose 6*i + 12 = 114. Let o(d) = d**3 + 7*d**2 + 6*d. Let l be o(-6). Let n be (51 + l)/(5 + -4). What is the greatest common factor of i and n?
17
Let k = 95 - 71. Let m(z) = -z + 37. Let l be m(-16). Suppose l*d = 57*d - 240. Calculate the highest common divisor of k and d.
12
Suppose 9*q - 5*q - 4*d - 116 = 0, 33 = q + 3*d. Let f be (-15)/(1 + 95/(-80)). Calculate the greatest common divisor of f and q.
10
Suppose -3*h = -3*s - 11970, -3*h - 7*s + 5*s + 11970 = 0. Suppose a - h = -20*a. Calculate the 